{"id":8095,"date":"2026-01-26T10:36:35","date_gmt":"2026-01-26T09:36:35","guid":{"rendered":"https:\/\/estudi6.com\/gestio-socioeducativa\/refuerzo-educativo-y-orientacion-psicopedagogica\/"},"modified":"2026-01-26T12:06:38","modified_gmt":"2026-01-26T11:06:38","slug":"refuerzo-educativo-y-orientacion-psicopedagogica","status":"publish","type":"page","link":"https:\/\/estudi6.com\/es\/gestio-socioeducativa\/refuerzo-educativo-y-orientacion-psicopedagogica\/","title":{"rendered":"Refuerzo educativo y Orientaci\u00f3n psicopedag\u00f3gica"},"content":{"rendered":"<div class=\"wpb-content-wrapper\"><p>[vc_row m_bottom=&#8221;0&#8243; css=&#8221;.vc_custom_1584960877239{margin-bottom: 0px !important;border-bottom-width: 0px !important;padding-bottom: 0px !important;}&#8221;][vc_column][rev_slider_vc alias=&#8221;refuerzo_educativo_2019&#8243;][\/vc_column][\/vc_row][vc_row width=&#8221;full&#8221; bg_color_row=&#8221;#ffcc33&#8243; p_top=&#8221;0&#8243; m_top=&#8221;0&#8243; css=&#8221;.vc_custom_1584960841606{padding-top: 20px !important;padding-bottom: 5px !important;}&#8221;][vc_column width=&#8221;2\/3&#8243; css=&#8221;.vc_custom_1584701827155{padding-bottom: 5px !important;}&#8221;][vc_custom_heading source=&#8221;post_title&#8221; font_container=&#8221;tag:h1|text_align:left|color:%23ffffff&#8221; use_theme_fonts=&#8221;yes&#8221; css=&#8221;.vc_custom_1676724428447{padding-top: 20px !important;padding-bottom: 5px !important;}&#8221;][vc_column_text css_animation=&#8221;top-to-bottom&#8221; css=&#8221;.vc_custom_1472803562767{padding-top: 30px !important;padding-right: 20px !important;padding-bottom: 30px !important;padding-left: 0px !important;}&#8221; c_id=&#8221;.vc_1432204833962&#8243; p_css=&#8221;color:#ffffff;font-size:24px;&#8221; el_class=&#8221;txt-pastilla&#8221;]Estudi 6 dise\u00f1a y organiza programas de refuerzo educativo y orientaci\u00f3n psicopedag\u00f3gica, que optimizan las capacidades de los alumnos, mejorando su rendimiento y responsabiliz\u00e1ndolos de su propio proceso de aprendizaje.[\/vc_column_text][\/vc_column][vc_column width=&#8221;1\/3&#8243; css=&#8221;.vc_custom_1431513832622{padding-bottom: 5px !important;}&#8221;][vc_single_image image=&#8221;6908&#8243; alignment=&#8221;center&#8221; css=&#8221;.vc_custom_1431513840512{padding-top: 30px !important;}&#8221;][vc_column_text css=&#8221;.vc_custom_1472803571136{margin-bottom: -10px !important;}&#8221; c_id=&#8221;.vc_1431513852152&#8243; p_css=&#8221;color:#020202;line-height:22px;&#8221; el_class=&#8221;txt-globo&#8221;]<\/p>\n<p style=\"text-align: center;\">Relaci\u00f3n de servicios<br \/>\ngestionados en la actualidad[\/vc_column_text][vc_icon icon_fontawesome=&#8221;fa fa-solid fa-angle-down&#8221; color=&#8221;white&#8221; align=&#8221;center&#8221; css=&#8221;&#8221;][\/vc_column][\/vc_row][vc_row css=&#8221;.vc_custom_1429611496918{padding-bottom: 30px !important;}&#8221;][vc_column width=&#8221;1\/4&#8243;][\/vc_column][vc_column width=&#8221;1\/4&#8243;][ivan_counter sub=&#8221;serveis de refor\u00e7, orientaci\u00f3 i acompanyament educatiu&#8221; animated=&#8221;yes&#8221; c_id=&#8221;.vc_1769419831919&#8243; title_css=&#8221;color:#ffcc33;font-size:60pt;&#8221; subtitle_css=&#8221;font-weight:400;color:#c1c1c1;font-size:20pt;&#8221;]6[\/ivan_counter][\/vc_column][vc_column width=&#8221;1\/4&#8243;][ivan_counter sub=&#8221;persones usu\u00e0ries&#8221; animated=&#8221;yes&#8221; separator=&#8221;.&#8221; c_id=&#8221;.vc_1769419746513&#8243; title_css=&#8221;color:#ffcc33;font-size:60pt;&#8221; subtitle_css=&#8221;font-weight:400;color:#c1c1c1;font-size:20pt;&#8221;]1367[\/ivan_counter][\/vc_column][vc_column width=&#8221;1\/4&#8243;][\/vc_column][\/vc_row]<\/p>\n<\/div>","protected":false},"excerpt":{"rendered":"<p>[vc_row m_bottom=&#8221;0&#8243; css=&#8221;.vc_custom_1584960877239{margin-bottom: 0px !important;border-bottom-width: 0px !important;padding-bottom: 0px !important;}&#8221;][vc_column][rev_slider_vc alias=&#8221;refuerzo_educativo_2019&#8243;][\/vc_column][\/vc_row][vc_row width=&#8221;full&#8221; bg_color_row=&#8221;#ffcc33&#8243; p_top=&#8221;0&#8243; m_top=&#8221;0&#8243; css=&#8221;.vc_custom_1584960841606{padding-top: 20px !important;padding-bottom: 5px !important;}&#8221;][vc_column width=&#8221;2\/3&#8243; css=&#8221;.vc_custom_1584701827155{padding-bottom: 5px !important;}&#8221;][vc_custom_heading source=&#8221;post_title&#8221; font_container=&#8221;tag:h1|text_align:left|color:%23ffffff&#8221; use_theme_fonts=&#8221;yes&#8221; css=&#8221;.vc_custom_1676724428447{padding-top: 20px !important;padding-bottom: 5px !important;}&#8221;][vc_column_text css_animation=&#8221;top-to-bottom&#8221; css=&#8221;.vc_custom_1472803562767{padding-top: 30px !important;padding-right: 20px !important;padding-bottom: 30px !important;padding-left: 0px !important;}&#8221; c_id=&#8221;.vc_1432204833962&#8243; p_css=&#8221;color:#ffffff;font-size:24px;&#8221; el_class=&#8221;txt-pastilla&#8221;]Estudi 6 dise\u00f1a y organiza programas de refuerzo educativo y orientaci\u00f3n psicopedag\u00f3gica, [&hellip;]<\/p>\n","protected":false},"author":1,"featured_media":0,"parent":3277,"menu_order":0,"comment_status":"closed","ping_status":"closed","template":"","meta":{"footnotes":""},"class_list":["post-8095","page","type-page","status-publish","hentry"],"_links":{"self":[{"href":"https:\/\/estudi6.com\/es\/wp-json\/wp\/v2\/pages\/8095","targetHints":{"allow":["GET"]}}],"collection":[{"href":"https:\/\/estudi6.com\/es\/wp-json\/wp\/v2\/pages"}],"about":[{"href":"https:\/\/estudi6.com\/es\/wp-json\/wp\/v2\/types\/page"}],"author":[{"embeddable":true,"href":"https:\/\/estudi6.com\/es\/wp-json\/wp\/v2\/users\/1"}],"replies":[{"embeddable":true,"href":"https:\/\/estudi6.com\/es\/wp-json\/wp\/v2\/comments?post=8095"}],"version-history":[{"count":4,"href":"https:\/\/estudi6.com\/es\/wp-json\/wp\/v2\/pages\/8095\/revisions"}],"predecessor-version":[{"id":8107,"href":"https:\/\/estudi6.com\/es\/wp-json\/wp\/v2\/pages\/8095\/revisions\/8107"}],"up":[{"embeddable":true,"href":"https:\/\/estudi6.com\/es\/wp-json\/wp\/v2\/pages\/3277"}],"wp:attachment":[{"href":"https:\/\/estudi6.com\/es\/wp-json\/wp\/v2\/media?parent=8095"}],"curies":[{"name":"wp","href":"https:\/\/api.w.org\/{rel}","templated":true}]}}

Refuerzo educativo y Orientación psicopedagógica

<div class="wpb-content-wrapper"><p>[vc_row m_bottom=&#8221;0&#8243; css=&#8221;.vc_custom_1584960877239{margin-bottom: 0px !important;border-bottom-width: 0px !important;padding-bottom: 0px !important;}&#8221;][vc_column][rev_slider_vc alias=&#8221;refuerzo_educativo_2019&#8243;][/vc_column][/vc_row][vc_row width=&#8221;full&#8221; bg_color_row=&#8221;#ffcc33&#8243; p_top=&#8221;0&#8243; m_top=&#8221;0&#8243; css=&#8221;.vc_custom_1584960841606{padding-top: 20px !important;padding-bottom: 5px !important;}&#8221;][vc_column width=&#8221;2/3&#8243; css=&#8221;.vc_custom_1584701827155{padding-bottom: 5px !important;}&#8221;][vc_custom_heading source=&#8221;post_title&#8221; font_container=&#8221;tag:h1|text_align:left|color:%23ffffff&#8221; use_theme_fonts=&#8221;yes&#8221; css=&#8221;.vc_custom_1676724428447{padding-top: 20px !important;padding-bottom: 5px !important;}&#8221;][vc_column_text css_animation=&#8221;top-to-bottom&#8221; css=&#8221;.vc_custom_1472803562767{padding-top: 30px !important;padding-right: 20px !important;padding-bottom: 30px !important;padding-left: 0px !important;}&#8221; c_id=&#8221;.vc_1432204833962&#8243; p_css=&#8221;color:#ffffff;font-size:24px;&#8221; el_class=&#8221;txt-pastilla&#8221;]Estudi 6 diseña y organiza programas de refuerzo educativo y orientación psicopedagógica, que optimizan las capacidades de los alumnos, mejorando su rendimiento y responsabilizándolos de su propio proceso de aprendizaje.[/vc_column_text][/vc_column][vc_column width=&#8221;1/3&#8243; css=&#8221;.vc_custom_1431513832622{padding-bottom: 5px !important;}&#8221;][vc_single_image image=&#8221;6908&#8243; alignment=&#8221;center&#8221; css=&#8221;.vc_custom_1431513840512{padding-top: 30px !important;}&#8221;][vc_column_text css=&#8221;.vc_custom_1472803571136{margin-bottom: -10px !important;}&#8221; c_id=&#8221;.vc_1431513852152&#8243; p_css=&#8221;color:#020202;line-height:22px;&#8221; el_class=&#8221;txt-globo&#8221;]</p>
<p style="text-align: center;">Relación de servicios<br />
gestionados en la actualidad[/vc_column_text][vc_icon icon_fontawesome=&#8221;fa fa-solid fa-angle-down&#8221; color=&#8221;white&#8221; align=&#8221;center&#8221; css=&#8221;&#8221;][/vc_column][/vc_row][vc_row css=&#8221;.vc_custom_1429611496918{padding-bottom: 30px !important;}&#8221;][vc_column width=&#8221;1/4&#8243;][/vc_column][vc_column width=&#8221;1/4&#8243;][ivan_counter sub=&#8221;serveis de reforç, orientació i acompanyament educatiu&#8221; animated=&#8221;yes&#8221; c_id=&#8221;.vc_1769419831919&#8243; title_css=&#8221;color:#ffcc33;font-size:60pt;&#8221; subtitle_css=&#8221;font-weight:400;color:#c1c1c1;font-size:20pt;&#8221;]6[/ivan_counter][/vc_column][vc_column width=&#8221;1/4&#8243;][ivan_counter sub=&#8221;persones usuàries&#8221; animated=&#8221;yes&#8221; separator=&#8221;.&#8221; c_id=&#8221;.vc_1769419746513&#8243; title_css=&#8221;color:#ffcc33;font-size:60pt;&#8221; subtitle_css=&#8221;font-weight:400;color:#c1c1c1;font-size:20pt;&#8221;]1367[/ivan_counter][/vc_column][vc_column width=&#8221;1/4&#8243;][/vc_column][/vc_row]</p>
</div>

<p>[vc_row m_bottom=&#8221;0&#8243; css=&#8221;.vc_custom_1584960877239{margin-bottom: 0px !important;border-bottom-width: 0px !important;padding-bottom: 0px !important;}&#8221;][vc_column][rev_slider_vc alias=&#8221;refuerzo_educativo_2019&#8243;][/vc_column][/vc_row][vc_row width=&#8221;full&#8221; bg_color_row=&#8221;#ffcc33&#8243; p_top=&#8221;0&#8243; m_top=&#8221;0&#8243; css=&#8221;.vc_custom_1584960841606{padding-top: 20px !important;padding-bottom: 5px !important;}&#8221;][vc_column width=&#8221;2/3&#8243; css=&#8221;.vc_custom_1584701827155{padding-bottom: 5px !important;}&#8221;][vc_custom_heading source=&#8221;post_title&#8221; font_container=&#8221;tag:h1|text_align:left|color:%23ffffff&#8221; use_theme_fonts=&#8221;yes&#8221; css=&#8221;.vc_custom_1676724428447{padding-top: 20px !important;padding-bottom: 5px !important;}&#8221;][vc_column_text css_animation=&#8221;top-to-bottom&#8221; css=&#8221;.vc_custom_1472803562767{padding-top: 30px !important;padding-right: 20px !important;padding-bottom: 30px !important;padding-left: 0px !important;}&#8221; c_id=&#8221;.vc_1432204833962&#8243; p_css=&#8221;color:#ffffff;font-size:24px;&#8221; el_class=&#8221;txt-pastilla&#8221;]Estudi 6 diseña y organiza programas de refuerzo educativo y orientación psicopedagógica, [&hellip;]</p>
